{"id":54,"date":"2021-01-19T08:59:44","date_gmt":"2021-01-19T07:59:44","guid":{"rendered":"http:\/\/www.hargarten-net.com\/?page_id=54"},"modified":"2022-06-17T09:04:40","modified_gmt":"2022-06-17T07:04:40","slug":"impressum","status":"publish","type":"page","link":"https:\/\/www.hargarten-net.com\/?page_id=54","title":{"rendered":"Impressum"},"content":{"rendered":"\n<p>Ortsgemeinde Hargarten<br>\u00fcber<br>Verbandsgemeindeverwaltung Arzfeld<br>Luxemburger Stra\u00dfe 6<br>54687 Arzfeld<br>Telefon: 06550 \u2013 9740<br>E-Mail: <a href=\"mailto:info@hargarten.de\">info(at)hargarten.de<\/a><br>Internet: www.hargarten.de<\/p>\n\n\n\n<p>Die Ortsgemeinde Hargarten ist eine K\u00f6rperschaft des \u00f6ffentlichen Rechts. Sie wird vertreten durch den Ortsb\u00fcrgermeister.<\/p>\n\n\n\n<p><strong>Haftungshinweis:<\/strong><br>Trotz sorgf\u00e4ltiger inhaltlicher Kontrolle \u00fcbernehmen wir keine Haftung f\u00fcr die Inhalte externer Links. F\u00fcr den Inhalt der verlinkten Seiten sind ausschlie\u00dflich deren Betreiber verantwortlich!<\/p>\n\n\n\n<p><strong>Autor:<\/strong><br>Verbandsgemeindeverwaltung Arzfeld<br>E-Mail: <a href=\"mailto:webmaster@hargarten.de\">webmaster(at)hargarten.de<\/a><\/p>\n","protected":false},"excerpt":{"rendered":"<p>Ortsgemeinde Hargarten\u00fcberVerbandsgemeindeverwaltung ArzfeldLuxemburger Stra\u00dfe 654687 ArzfeldTelefon: 06550 \u2013 9740E-Mail: info(at)hargarten.deInternet: www.hargarten.de Die Ortsgemeinde Hargarten ist eine K\u00f6rperschaft des \u00f6ffentlichen Rechts. Sie wird vertreten durch den Ortsb\u00fcrgermeister. Haftungshinweis:Trotz sorgf\u00e4ltiger inhaltlicher Kontrolle \u00fcbernehmen wir keine Haftung f\u00fcr die Inhalte externer Links. F\u00fcr<\/p>\n","protected":false},"author":1,"featured_media":0,"parent":0,"menu_order":0,"comment_status":"closed","ping_status":"closed","template":"","meta":{"footnotes":""},"class_list":["post-54","page","type-page","status-publish","hentry"],"_links":{"self":[{"href":"https:\/\/www.hargarten-net.com\/index.php?rest_route=\/wp\/v2\/pages\/54","targetHints":{"allow":["GET"]}}],"collection":[{"href":"https:\/\/www.hargarten-net.com\/index.php?rest_route=\/wp\/v2\/pages"}],"about":[{"href":"https:\/\/www.hargarten-net.com\/index.php?rest_route=\/wp\/v2\/types\/page"}],"author":[{"embeddable":true,"href":"https:\/\/www.hargarten-net.com\/index.php?rest_route=\/wp\/v2\/users\/1"}],"replies":[{"embeddable":true,"href":"https:\/\/www.hargarten-net.com\/index.php?rest_route=%2Fwp%2Fv2%2Fcomments&post=54"}],"version-history":[{"count":2,"href":"https:\/\/www.hargarten-net.com\/index.php?rest_route=\/wp\/v2\/pages\/54\/revisions"}],"predecessor-version":[{"id":97,"href":"https:\/\/www.hargarten-net.com\/index.php?rest_route=\/wp\/v2\/pages\/54\/revisions\/97"}],"wp:attachment":[{"href":"https:\/\/www.hargarten-net.com\/index.php?rest_route=%2Fwp%2Fv2%2Fmedia&parent=54"}],"curies":[{"name":"wp","href":"https:\/\/api.w.org\/{rel}","templated":true}]}}